{"id":14,"date":"2020-08-02T21:06:27","date_gmt":"2020-08-02T19:06:27","guid":{"rendered":"http:\/\/46.105.124.10\/fab\/?page_id=14"},"modified":"2023-04-21T16:26:20","modified_gmt":"2023-04-21T14:26:20","slug":"groupe-dhabiletes-sociales-programme-gecos","status":"publish","type":"page","link":"http:\/\/46.105.124.10\/fab\/?page_id=14","title":{"rendered":"Les Habilet\u00e9s Sociales"},"content":{"rendered":"\t\t<div data-elementor-type=\"wp-page\" data-elementor-id=\"14\" class=\"elementor elementor-14\">\n\t\t\t\t\t\t\t\t\t<section class=\"elementor-section elementor-top-section elementor-element elementor-element-35cd8002 elementor-section-boxed elementor-section-height-default elementor-section-height-default\" data-id=\"35cd8002\" data-element_type=\"section\">\n\t\t\t\t\t\t<div class=\"elementor-container elementor-column-gap-default\">\n\t\t\t\t\t<div class=\"elementor-column elementor-col-100 elementor-top-column elementor-element elementor-element-4648bd1a\" data-id=\"4648bd1a\" data-element_type=\"column\">\n\t\t\t<div class=\"elementor-widget-wrap elementor-element-populated\">\n\t\t\t\t\t\t\t\t<div class=\"elementor-element elementor-element-28311dab elementor-widget elementor-widget-text-editor\" data-id=\"28311dab\" data-element_type=\"widget\" data-widget_type=\"text-editor.default\">\n\t\t\t\t<div class=\"elementor-widget-container\">\n\t\t\t<style>\/*! elementor - v3.12.1 - 02-04-2023 *\/\n.elementor-widget-text-editor.elementor-drop-cap-view-stacked .elementor-drop-cap{background-color:#69727d;color:#fff}.elementor-widget-text-editor.elementor-drop-cap-view-framed .elementor-drop-cap{color:#69727d;border:3px solid;background-color:transparent}.elementor-widget-text-editor:not(.elementor-drop-cap-view-default) .elementor-drop-cap{margin-top:8px}.elementor-widget-text-editor:not(.elementor-drop-cap-view-default) .elementor-drop-cap-letter{width:1em;height:1em}.elementor-widget-text-editor .elementor-drop-cap{float:left;text-align:center;line-height:1;font-size:50px}.elementor-widget-text-editor .elementor-drop-cap-letter{display:inline-block}<\/style>\t\t\t\t<!-- wp:heading {\"textAlign\":\"center\",\"level\":1,\"align\":\"full\"} -->\n<h1 class=\"alignfull has-text-align-center\"><span class=\"has-inline-color\" style=\"color: #f30814;\">Programme Gecos<\/span><\/h1>\n<!-- \/wp:heading --><!-- wp:heading -->\n<h2>C\u2019est quoi\u00a0?<\/h2>\n<!-- \/wp:heading --><!-- wp:paragraph -->\n<p>Les habilet\u00e9s sociales renvoient une vari\u00e9t\u00e9 de comp\u00e9tences interpersonnelle permettant \u00e0 un individu une int\u00e9gration optimale dans l\u2019ensemble de ses milieux de vie.<\/p>\n<!-- \/wp:paragraph --><!-- wp:paragraph -->\n<p>Ainsi nous proposons une d\u00e9clinaison en cinq cat\u00e9gories interd\u00e9pendantes\u00a0: capacit\u00e9s intrapersonnelles \/ capacit\u00e9s interpersonnelles \/ capacit\u00e9s de communication \/ capacit\u00e9s d\u2019affirmation \/ capacit\u00e9s d\u2019adaptation collective.<\/p>\n<!-- \/wp:paragraph --><!-- wp:heading -->\n<h2>Pour qui\u00a0?<\/h2>\n<!-- \/wp:heading --><!-- wp:paragraph -->\n<p>Pour les enfants ag\u00e9s de 8 \u00e0 14 ans , pr\u00e9sentant un trouble anxieux, d\u00e9pression, Trouble D\u00e9ficitaire de l\u2019Attention avec ou sans Hyperactivit\u00e9 (TDAH), Trouble des conduites, Troubles des Comportements Alimentaires (TCA), Trouble du Spectre de l\u2019Autisme (TSA), sont autant de pathologies non exhaustives concern\u00e9es.<\/p>\n<!-- \/wp:paragraph --><!-- wp:heading -->\n<h2>Quelles sont les modalit\u00e9s\u00a0?<\/h2>\n<!-- \/wp:heading --><!-- wp:paragraph -->\n<p><strong>Des s\u00e9ances en petit groupe, max 8 enfants<\/strong><\/p>\n<!-- \/wp:paragraph --><!-- wp:paragraph -->\n<p><strong>1h par semaine sur environ 35 s\u00e9ances \/ 40\u20ac la s\u00e9ance.<\/strong><\/p>\n<!-- \/wp:paragraph --><!-- wp:paragraph -->\n<p>Pas de s\u00e9ances pendant les vacances scolaires.<\/p>\n<!-- \/wp:paragraph --><!-- wp:heading -->\n<h2>Programme Gecos<\/h2>\n<!-- \/wp:heading --><!-- wp:paragraph -->\n<p>Module \u00e9motions \/ Posture-Regard-Distance-Volume de voix-Prosodie \/ Les r\u00e8gles conversationnelles \/ Ce que pense l\u2019autre\u2026 \/ Demande-Refus \/ Les critiques \/ R\u00e9solution de probl\u00e8mes sociaux\u2026<\/p>\n<!-- \/wp:paragraph --><!-- wp:image {\"align\":\"center\",\"id\":57,\"width\":241,\"height\":255,\"sizeSlug\":\"large\",\"linkDestination\":\"none\"} -->\n<div class=\"wp-block-image\">\u00a0<\/div>\n<!-- \/wp:image -->\t\t\t\t\t\t<\/div>\n\t\t\t\t<\/div>\n\t\t\t\t\t<\/div>\n\t\t<\/div>\n\t\t\t\t\t\t\t<\/div>\n\t\t<\/section>\n\t\t\t\t\t\t\t<\/div>\n\t\t","protected":false},"excerpt":{"rendered":"<p>Programme Gecos C\u2019est quoi\u00a0? Les habilet\u00e9s sociales renvoient une vari\u00e9t\u00e9 de comp\u00e9tences interpersonnelle permettant \u00e0 un individu une int\u00e9gration optimale dans l\u2019ensemble de ses milieux de vie. Ainsi nous proposons une d\u00e9clinaison en cinq cat\u00e9gories interd\u00e9pendantes\u00a0: capacit\u00e9s intrapersonnelles \/ capacit\u00e9s interpersonnelles \/ capacit\u00e9s de communication \/ capacit\u00e9s d\u2019affirmation \/ capacit\u00e9s d\u2019adaptation collective. Pour qui\u00a0? Pour&#8230;<\/p>\n","protected":false},"author":2,"featured_media":55,"parent":8,"menu_order":0,"comment_status":"closed","ping_status":"closed","template":"","meta":[],"_links":{"self":[{"href":"http:\/\/46.105.124.10\/fab\/index.php?rest_route=\/wp\/v2\/pages\/14"}],"collection":[{"href":"http:\/\/46.105.124.10\/fab\/index.php?rest_route=\/wp\/v2\/pages"}],"about":[{"href":"http:\/\/46.105.124.10\/fab\/index.php?rest_route=\/wp\/v2\/types\/page"}],"author":[{"embeddable":true,"href":"http:\/\/46.105.124.10\/fab\/index.php?rest_route=\/wp\/v2\/users\/2"}],"replies":[{"embeddable":true,"href":"http:\/\/46.105.124.10\/fab\/index.php?rest_route=%2Fwp%2Fv2%2Fcomments&post=14"}],"version-history":[{"count":11,"href":"http:\/\/46.105.124.10\/fab\/index.php?rest_route=\/wp\/v2\/pages\/14\/revisions"}],"predecessor-version":[{"id":2919,"href":"http:\/\/46.105.124.10\/fab\/index.php?rest_route=\/wp\/v2\/pages\/14\/revisions\/2919"}],"up":[{"embeddable":true,"href":"http:\/\/46.105.124.10\/fab\/index.php?rest_route=\/wp\/v2\/pages\/8"}],"wp:featuredmedia":[{"embeddable":true,"href":"http:\/\/46.105.124.10\/fab\/index.php?rest_route=\/wp\/v2\/media\/55"}],"wp:attachment":[{"href":"http:\/\/46.105.124.10\/fab\/index.php?rest_route=%2Fwp%2Fv2%2Fmedia&parent=14"}],"curies":[{"name":"wp","href":"https:\/\/api.w.org\/{rel}","templated":true}]}}

Les Habiletés Sociales

<div data-elementor-type="wp-page" data-elementor-id="14" class="elementor elementor-14">
									<section class="elementor-section elementor-top-section elementor-element elementor-element-35cd8002 elementor-section-boxed elementor-section-height-default elementor-section-height-default" data-id="35cd8002" data-element_type="section">
						<div class="elementor-container elementor-column-gap-default">
					<div class="elementor-column elementor-col-100 elementor-top-column elementor-element elementor-element-4648bd1a" data-id="4648bd1a" data-element_type="column">
			<div class="elementor-widget-wrap elementor-element-populated">
								<div class="elementor-element elementor-element-28311dab elementor-widget elementor-widget-text-editor" data-id="28311dab" data-element_type="widget" data-widget_type="text-editor.default">
				<div class="elementor-widget-container">
			<style>/*! elementor - v3.12.1 - 02-04-2023 */
.elementor-widget-text-editor.elementor-drop-cap-view-stacked .elementor-drop-cap{background-color:#69727d;color:#fff}.elementor-widget-text-editor.elementor-drop-cap-view-framed .elementor-drop-cap{color:#69727d;border:3px solid;background-color:transparent}.elementor-widget-text-editor:not(.elementor-drop-cap-view-default) .elementor-drop-cap{margin-top:8px}.elementor-widget-text-editor:not(.elementor-drop-cap-view-default) .elementor-drop-cap-letter{width:1em;height:1em}.elementor-widget-text-editor .elementor-drop-cap{float:left;text-align:center;line-height:1;font-size:50px}.elementor-widget-text-editor .elementor-drop-cap-letter{display:inline-block}</style>				<!-- wp:heading {"textAlign":"center","level":1,"align":"full"} -->
<h1 class="alignfull has-text-align-center"><span class="has-inline-color" style="color: #f30814;">Programme Gecos</span></h1>
<!-- /wp:heading --><!-- wp:heading -->
<h2>C’est quoi ?</h2>
<!-- /wp:heading --><!-- wp:paragraph -->
<p>Les habiletés sociales renvoient une variété de compétences interpersonnelle permettant à un individu une intégration optimale dans l’ensemble de ses milieux de vie.</p>
<!-- /wp:paragraph --><!-- wp:paragraph -->
<p>Ainsi nous proposons une déclinaison en cinq catégories interdépendantes : capacités intrapersonnelles / capacités interpersonnelles / capacités de communication / capacités d’affirmation / capacités d’adaptation collective.</p>
<!-- /wp:paragraph --><!-- wp:heading -->
<h2>Pour qui ?</h2>
<!-- /wp:heading --><!-- wp:paragraph -->
<p>Pour les enfants agés de 8 à 14 ans , présentant un trouble anxieux, dépression, Trouble Déficitaire de l’Attention avec ou sans Hyperactivité (TDAH), Trouble des conduites, Troubles des Comportements Alimentaires (TCA), Trouble du Spectre de l’Autisme (TSA), sont autant de pathologies non exhaustives concernées.</p>
<!-- /wp:paragraph --><!-- wp:heading -->
<h2>Quelles sont les modalités ?</h2>
<!-- /wp:heading --><!-- wp:paragraph -->
<p><strong>Des séances en petit groupe, max 8 enfants</strong></p>
<!-- /wp:paragraph --><!-- wp:paragraph -->
<p><strong>1h par semaine sur environ 35 séances / 40€ la séance.</strong></p>
<!-- /wp:paragraph --><!-- wp:paragraph -->
<p>Pas de séances pendant les vacances scolaires.</p>
<!-- /wp:paragraph --><!-- wp:heading -->
<h2>Programme Gecos</h2>
<!-- /wp:heading --><!-- wp:paragraph -->
<p>Module émotions / Posture-Regard-Distance-Volume de voix-Prosodie / Les règles conversationnelles / Ce que pense l’autre… / Demande-Refus / Les critiques / Résolution de problèmes sociaux…</p>
<!-- /wp:paragraph --><!-- wp:image {"align":"center","id":57,"width":241,"height":255,"sizeSlug":"large","linkDestination":"none"} -->
<div class="wp-block-image"> </div>
<!-- /wp:image -->						</div>
				</div>
					</div>
		</div>
							</div>
		</section>
							</div>

<p>Programme Gecos C’est quoi ? Les habiletés sociales renvoient une variété de compétences interpersonnelle permettant à un individu une intégration optimale dans l’ensemble de ses milieux de vie. Ainsi nous proposons une déclinaison en cinq catégories interdépendantes : capacités intrapersonnelles / capacités interpersonnelles / capacités de communication / capacités d’affirmation / capacités d’adaptation collective. Pour qui ? Pour&#8230;</p>
