{"id":20,"date":"2020-08-02T21:13:22","date_gmt":"2020-08-02T19:13:22","guid":{"rendered":"http:\/\/46.105.124.10\/fab\/?page_id=20"},"modified":"2023-04-21T16:10:37","modified_gmt":"2023-04-21T14:10:37","slug":"groupes-tdah-fonctions-executives","status":"publish","type":"page","link":"http:\/\/46.105.124.10\/fab\/?page_id=20","title":{"rendered":"Groupes TDAH \/ Fonctions Ex\u00e9cutives"},"content":{"rendered":"\n<h2 class=\"wp-block-heading\"><strong>Trouble D\u00e9ficitaire de l\u2019Attention avec ou sans Hyperactivit\u00e9<\/strong><\/h2>\n\n\n\n<h2 class=\"wp-block-heading\">C\u2019est quoi&nbsp;?<\/h2>\n\n\n\n<p>Ce sont des groupes s\u2019inspirant de diverses techniques (M\u00e9tacognition, Renforcement Positif, D\u00e9couverte Guid\u00e9e, Pleine Conscience\/Relaxation, Gestion Mentale, \u2026) dont le but est de favoriser l\u2019\u00e9mergence de strat\u00e9gies compensatrices du Trouble. Nous proposons des ateliers en petit groupe afin de favoriser le transfert et la g\u00e9n\u00e9raliseration en classe, des strat\u00e9gies trouv\u00e9es.<\/p>\n\n\n\n<h2 class=\"wp-block-heading\">Pour qui&nbsp;?<\/h2>\n\n\n\n<p>Pour les enfants de 6 \u00e0 14 ans, pr\u00e9sentant, en autre, un TDAH.<\/p>\n\n\n\n<h2 class=\"wp-block-heading\">Modalit\u00e9s<\/h2>\n\n\n\n<p>1h par semaine sur une ann\u00e9e scolaire \/ 40\u20ac la s\u00e9ance.<\/p>\n\n\n\n<p>Groupe de 4 \u00e0 8 enfants r\u00e9parties selon la tranche d\u2019\u00e2ge.<\/p>\n\n\n\n<figure class=\"wp-block-image\"><img alt=\"\"\/><\/figure>\n","protected":false},"excerpt":{"rendered":"<p>Trouble D\u00e9ficitaire de l\u2019Attention avec ou sans Hyperactivit\u00e9 C\u2019est quoi&nbsp;? Ce sont des groupes s\u2019inspirant de diverses techniques (M\u00e9tacognition, Renforcement Positif, D\u00e9couverte Guid\u00e9e, Pleine Conscience\/Relaxation, Gestion Mentale, \u2026) dont le but est de favoriser l\u2019\u00e9mergence de strat\u00e9gies compensatrices du Trouble. Nous proposons des ateliers en petit groupe afin de favoriser le transfert et la g\u00e9n\u00e9raliseration&#8230;<\/p>\n","protected":false},"author":2,"featured_media":0,"parent":1384,"menu_order":0,"comment_status":"closed","ping_status":"closed","template":"","meta":[],"_links":{"self":[{"href":"http:\/\/46.105.124.10\/fab\/index.php?rest_route=\/wp\/v2\/pages\/20"}],"collection":[{"href":"http:\/\/46.105.124.10\/fab\/index.php?rest_route=\/wp\/v2\/pages"}],"about":[{"href":"http:\/\/46.105.124.10\/fab\/index.php?rest_route=\/wp\/v2\/types\/page"}],"author":[{"embeddable":true,"href":"http:\/\/46.105.124.10\/fab\/index.php?rest_route=\/wp\/v2\/users\/2"}],"replies":[{"embeddable":true,"href":"http:\/\/46.105.124.10\/fab\/index.php?rest_route=%2Fwp%2Fv2%2Fcomments&post=20"}],"version-history":[{"count":3,"href":"http:\/\/46.105.124.10\/fab\/index.php?rest_route=\/wp\/v2\/pages\/20\/revisions"}],"predecessor-version":[{"id":116,"href":"http:\/\/46.105.124.10\/fab\/index.php?rest_route=\/wp\/v2\/pages\/20\/revisions\/116"}],"up":[{"embeddable":true,"href":"http:\/\/46.105.124.10\/fab\/index.php?rest_route=\/wp\/v2\/pages\/1384"}],"wp:attachment":[{"href":"http:\/\/46.105.124.10\/fab\/index.php?rest_route=%2Fwp%2Fv2%2Fmedia&parent=20"}],"curies":[{"name":"wp","href":"https:\/\/api.w.org\/{rel}","templated":true}]}}